{"id":878,"date":"2022-08-31T11:47:20","date_gmt":"2022-08-31T11:47:20","guid":{"rendered":"https:\/\/outby.se\/newsite\/?page_id=878"},"modified":"2025-11-07T09:25:37","modified_gmt":"2025-11-07T08:25:37","slug":"integritetspolicy","status":"publish","type":"page","link":"https:\/\/outby.se\/newsite\/integritetspolicy\/","title":{"rendered":"Integritetspolicy"},"content":{"rendered":"\t\t<div data-elementor-type=\"wp-page\" data-elementor-id=\"878\" class=\"elementor elementor-878\" data-elementor-post-type=\"page\">\n\t\t\t\t<div class=\"elementor-element elementor-element-dcb62c2 e-flex e-con-boxed e-con e-parent\" data-id=\"dcb62c2\" data-element_type=\"container\" data-settings=\"{&quot;background_background&quot;:&quot;classic&quot;}\">\n\t\t\t\t\t<div class=\"e-con-inner\">\n\t\t\t\t<div class=\"elementor-element elementor-element-b3bf0c8 elementor-invisible elementor-widget elementor-widget-heading\" data-id=\"b3bf0c8\" data-element_type=\"widget\" data-settings=\"{&quot;_animation&quot;:&quot;fadeInDown&quot;}\" data-widget_type=\"heading.default\">\n\t\t\t\t<div class=\"elementor-widget-container\">\n\t\t\t\t\t<h2 class=\"elementor-heading-title elementor-size-default\">Integritetspolicy<\/h2>\t\t\t\t<\/div>\n\t\t\t\t<\/div>\n\t\t\t\t\t<\/div>\n\t\t\t\t<\/div>\n\t\t<div class=\"elementor-element elementor-element-2f6b7d1 e-flex e-con-boxed e-con e-parent\" data-id=\"2f6b7d1\" data-element_type=\"container\" data-settings=\"{&quot;background_background&quot;:&quot;classic&quot;}\">\n\t\t\t\t\t<div class=\"e-con-inner\">\n\t\t<div class=\"elementor-element elementor-element-c7260e6 e-con-full e-flex e-con e-child\" data-id=\"c7260e6\" data-element_type=\"container\">\n\t\t\t\t<div class=\"elementor-element elementor-element-dd12806 elementor-widget elementor-widget-text-editor\" data-id=\"dd12806\" data-element_type=\"widget\" data-widget_type=\"text-editor.default\">\n\t\t\t\t<div class=\"elementor-widget-container\">\n\t\t\t\t\t\t\t\t\t<p>Outby AB (\u201cOutby\u201d), org. nr. 559253-4563, behandlar personuppgifter i samband med att du anv\u00e4nder Outbys g\u00e4stportal (G\u00e4stportalen) i form av app, webbsida eller annan form och \u00e4r personuppgiftsansvarig f\u00f6r behandlingen. N\u00e4r du anv\u00e4nder G\u00e4stportalen s\u00e5 inneb\u00e4r det att du godk\u00e4nner den h\u00e4r integritetspolicyn. Som personuppgiftsansvarig \u00e4r det Outbys ansvar att all behandling av personuppgifter sker i enlighet med lagens krav.<\/p><p>Personuppgifter behandlas f\u00f6r att Outby ska kunna tillhandah\u00e5lla sina tj\u00e4nster och huvudsakligen f\u00f6r f\u00f6ljande \u00e4ndam\u00e5l (\u201d\u00c4ndam\u00e5len\u201d):<\/p>\t\t\t\t\t\t\t\t<\/div>\n\t\t\t\t<\/div>\n\t\t<div class=\"elementor-element elementor-element-855e6f7 e-con-full e-flex e-con e-child\" data-id=\"855e6f7\" data-element_type=\"container\">\n\t\t\t\t<div class=\"elementor-element elementor-element-016c487 elementor-widget elementor-widget-text-editor\" data-id=\"016c487\" data-element_type=\"widget\" data-widget_type=\"text-editor.default\">\n\t\t\t\t<div class=\"elementor-widget-container\">\n\t\t\t\t\t\t\t\t\t<ul><li><span style=\"color: #558e6c; font-family: Poppins, sans-serif;\"><span style=\"font-size: 17px;\">F\u00f6r att ta emot och bearbeta dina k\u00f6p av Tj\u00e4nster (kontraktuellt n\u00f6dv\u00e4ndig, r\u00e4ttslig f\u00f6rplikelse)<\/span><\/span><\/li><\/ul><div><span style=\"color: #558e6c; font-family: Poppins, sans-serif;\"><span style=\"font-size: 17px;\">\u00a0<\/span><\/span><\/div><ul><li><span style=\"color: #558e6c; font-family: Poppins, sans-serif;\"><span style=\"font-size: 17px;\">F\u00f6r att anl\u00e4ggningen ska kunna kontrollera att du har en giltig biljett (kontraktuellt n\u00f6dv\u00e4ndig)<\/span><\/span><\/li><\/ul><div><span style=\"color: #558e6c; font-family: Poppins, sans-serif;\"><span style=\"font-size: 17px;\">\u00a0<\/span><\/span><\/div><ul><li><span style=\"color: #558e6c; font-family: Poppins, sans-serif;\"><span style=\"font-size: 17px;\">F\u00f6r att kunna skicka sms-verifikation som du kan verifiera dig med (kontraktuellt n\u00f6dv\u00e4ndig)<\/span><\/span><\/li><\/ul><div><span style=\"color: #558e6c; font-family: Poppins, sans-serif;\"><span style=\"font-size: 17px;\">\u00a0<\/span><\/span><\/div><ul><li><span style=\"color: #558e6c; font-family: Poppins, sans-serif;\"><span style=\"font-size: 17px;\">F\u00f6r att kunna skicka kvitto till din mejl (kontraktuellt n\u00f6dv\u00e4ndig)<\/span><\/span><\/li><\/ul><div><span style=\"color: #558e6c; font-family: Poppins, sans-serif;\"><span style=\"font-size: 17px;\">\u00a0<\/span><\/span><\/div><ul><li><span style=\"color: #558e6c; font-family: Poppins, sans-serif;\"><span style=\"font-size: 17px;\">F\u00f6r att kvittot ska vara giltigt som friskv\u00e5rdsbidrag f\u00f6r st\u00f6rre belopp (kontraktuellt n\u00f6dv\u00e4ndig)<\/span><\/span><\/li><\/ul><div><span style=\"color: #558e6c; font-family: Poppins, sans-serif;\"><span style=\"font-size: 17px;\">\u00a0<\/span><\/span><\/div><ul><li><span style=\"color: #558e6c; font-family: Poppins, sans-serif;\"><span style=\"font-size: 17px;\">F\u00f6r att din n\u00e4rmaste anl\u00e4ggning ska hamna h\u00f6gst upp i listan av anl\u00e4ggningar som finns att v\u00e4lja mellan (samtycke)<\/span><\/span><\/li><\/ul><div><span style=\"color: #558e6c; font-family: Poppins, sans-serif;\"><span style=\"font-size: 17px;\">\u00a0<\/span><\/span><\/div><ul><li><span style=\"color: #558e6c; font-family: Poppins, sans-serif;\"><span style=\"font-size: 17px;\">F\u00f6r att besvara dina fr\u00e5gor och informera dig om nya eller \u00e4ndrade tj\u00e4nster (samtycke och\/eller intresseavv\u00e4gning)<\/span><\/span><\/li><\/ul><div><span style=\"color: #558e6c; font-family: Poppins, sans-serif;\"><span style=\"font-size: 17px;\">\u00a0<\/span><\/span><\/div><ul><li><span style=\"color: #558e6c; font-family: Poppins, sans-serif;\"><span style=\"font-size: 17px;\">F\u00f6r att hantera eventuell \u00e5ngerr\u00e4tt (samtycke, kontraktuell n\u00f6dv\u00e4ndig, r\u00e4ttslig f\u00f6rpliktelse)<\/span><\/span><\/li><\/ul><div><span style=\"color: #558e6c; font-family: Poppins, sans-serif;\"><span style=\"font-size: 17px;\">\u00a0<\/span><\/span><\/div><ul><li><span style=\"color: #558e6c; font-family: Poppins, sans-serif;\"><span style=\"font-size: 17px;\">F\u00f6r att skicka marknadsf\u00f6ringserbjudanden (intresseavv\u00e4gning)<\/span><\/span><\/li><\/ul><div><span style=\"color: #558e6c; font-family: Poppins, sans-serif;\"><span style=\"font-size: 17px;\">\u00a0<\/span><\/span><\/div><ul><li><span style=\"color: #558e6c; font-family: Poppins, sans-serif;\"><span style=\"font-size: 17px;\">F\u00f6r att skicka dig enk\u00e4ter som ger dig m\u00f6jlighet att p\u00e5verka Outbys erbjudanden och tj\u00e4nster (samtycke och\/eller intresseavv\u00e4gning)<\/span><\/span><\/li><\/ul><div><span style=\"color: #558e6c; font-family: Poppins, sans-serif;\"><span style=\"font-size: 17px;\">\u00a0<\/span><\/span><\/div><ul><li><span style=\"color: #558e6c; font-family: Poppins, sans-serif;\"><span style=\"font-size: 17px;\">F\u00f6r att kunna genomf\u00f6ra fels\u00f6kning och f\u00f6r att f\u00f6rb\u00e4ttra prestanda (intresseavv\u00e4gning)<\/span><\/span><\/li><\/ul>\t\t\t\t\t\t\t\t<\/div>\n\t\t\t\t<\/div>\n\t\t\t\t<\/div>\n\t\t<div class=\"elementor-element elementor-element-0dd31cd e-con-full e-flex e-con e-child\" data-id=\"0dd31cd\" data-element_type=\"container\">\n\t\t\t\t<\/div>\n\t\t\t\t<div class=\"elementor-element elementor-element-f8dbf2c elementor-widget elementor-widget-text-editor\" data-id=\"f8dbf2c\" data-element_type=\"widget\" data-widget_type=\"text-editor.default\">\n\t\t\t\t<div class=\"elementor-widget-container\">\n\t\t\t\t\t\t\t\t\t<ul><li><span style=\"font-family: Poppins, sans-serif;\"><span style=\"font-size: 17px;\">R\u00e4tt till tillg\u00e5ng \u2013 Enligt artikel 15 GDPR har du r\u00e4tt att ta del av Personuppgifterna och att bli informerad om behandlingen. Den informationen finns i detta dokument.<\/span><\/span><\/li><\/ul><ul><li><span style=\"font-family: Poppins, sans-serif;\"><span style=\"font-size: 17px;\">R\u00e4tt till r\u00e4ttelse \u2013 Enligt artikel 16 GDPR har du r\u00e4tt att utan on\u00f6digt dr\u00f6jsm\u00e5l f\u00e5 felaktiga personuppgifter som r\u00f6r dig r\u00e4ttade. Med beaktande av \u00e4ndam\u00e5let med behandlingen har du ocks\u00e5 r\u00e4tt att komplettera ofullst\u00e4ndiga personuppgifter.<\/span><\/span><\/li><\/ul><ul><li><span style=\"font-family: Poppins, sans-serif;\"><span style=\"font-size: 17px;\">R\u00e4tt till radering (\u201dr\u00e4tten att bli bortgl\u00f6md\u201d) \u2013 Under vissa omst\u00e4ndigheter har du med st\u00f6d av artikel 17 GDPR r\u00e4tt att f\u00e5 Personuppgifterna raderade.<\/span><\/span><\/li><\/ul><ul><li><span style=\"font-family: Poppins, sans-serif;\"><span style=\"font-size: 17px;\">R\u00e4tt till begr\u00e4nsning av anv\u00e4ndning \u2013 Under vissa omst\u00e4ndigheter har du enligt artikel 18 GDPR r\u00e4tt att begr\u00e4nsa behandlingen av Personuppgifterna.<\/span><\/span><\/li><\/ul><ul><li><span style=\"font-family: Poppins, sans-serif;\"><span style=\"font-size: 17px;\">R\u00e4tt till dataportabilitet \u2013 Enligt artikel 20 GDPR har du r\u00e4tt att f\u00e5 ut Personuppgifterna i ett strukturerat, allm\u00e4nt anv\u00e4nt och maskinl\u00e4sbart format. Du har ocks\u00e5 r\u00e4tt att \u00f6verf\u00f6ra dessa uppgifter till en annan personuppgiftsansvarig.<\/span><\/span><\/li><\/ul><ul><li><span style=\"font-family: Poppins, sans-serif;\"><span style=\"font-size: 17px;\">R\u00e4tt att g\u00f6ra inv\u00e4ndningar \u2013 Enligt artikel 21 GDPR har du r\u00e4tt att inv\u00e4nda mot viss behandling av Personuppgifterna, exempelvis s\u00e5dan behandling som grundar sig i Outbys ber\u00e4ttigade intressen.<\/span><\/span><\/li><\/ul><ul><li><span style=\"font-family: Poppins, sans-serif;\"><span style=\"font-size: 17px;\">R\u00e4tt att inge klagom\u00e5l \u2013 Slutligen har du ocks\u00e5 r\u00e4tt att inge klagom\u00e5l till Datainspektionen, som kan kontaktas via datainspektionen@datainspektionen.se eller 08-657 61 00.<\/span><\/span><\/li><\/ul>\t\t\t\t\t\t\t\t<\/div>\n\t\t\t\t<\/div>\n\t\t\t\t<div class=\"elementor-element elementor-element-faded46 elementor-widget elementor-widget-text-editor\" data-id=\"faded46\" data-element_type=\"widget\" data-widget_type=\"text-editor.default\">\n\t\t\t\t<div class=\"elementor-widget-container\">\n\t\t\t\t\t\t\t\t\t<p><span style=\"color: #558e6c; font-family: Poppins, sans-serif;\"><span style=\"font-size: 17px;\">De uppgifter som behandlas \u00e4r de uppgifter som registreras eller som du anger n\u00e4r du k\u00f6per tj\u00e4nster, produkter, kontaktar v\u00e5r kundtj\u00e4nst och p\u00e5 annat s\u00e4tt interagerar med Outby. Specifikt omfattar uppgifterna den personlig information (\u201dPersonuppgifterna\u201d) du anger vid k\u00f6p s\u00e5 som telefonnummer och namn. Personuppgifterna \u00e4r n\u00f6dv\u00e4ndiga f\u00f6r att Outby ska kunna uppn\u00e5 ovan angivna \u00c4ndam\u00e5l. Viss information kan \u00e4ven komma att inh\u00e4mtas fr\u00e5n offentliga register eller fr\u00e5n andra allm\u00e4nt tillg\u00e4ngliga k\u00e4llor.<\/span><\/span><\/p><p><span style=\"color: #558e6c; font-family: Poppins, sans-serif;\"><span style=\"font-size: 17px;\">Den huvudsakliga r\u00e4ttsliga grunden f\u00f6r behandlingen \u00e4r att behandlingen \u00e4r n\u00f6dv\u00e4ndig f\u00f6r att Outby ska kunna fullg\u00f6ra sina \u00e5taganden gentemot sina kunder. Vissa behandlingar baseras p\u00e5 Outbys ber\u00e4ttigade intresse att kunna bedriva sin verksamhet p\u00e5 ett effektivt och s\u00e4kert s\u00e4tt samt p\u00e5 Outbys skyldighet att f\u00f6lja r\u00e4ttsliga f\u00f6rpliktelser.<\/span><\/span><span style=\"font-size: 17px; color: #558e6c;\">\u00a0Outby \u00e4r noga med att inte exponera insamlade uppgifter mer \u00e4n n\u00f6dv\u00e4ndigt och aggregerar data d\u00e4r det \u00e4r praktiskt m\u00f6jligt. Avregistering fr\u00e5n marknadsf\u00f6ringsutskick hanterar anv\u00e4ndaren enkelt sj\u00e4lv.<\/span><\/p><p>Personuppgifterna kan komma att delas med myndigheter och andra parter som Outby anlitar f\u00f6r att uppn\u00e5 \u00c4ndam\u00e5len. Dessa akt\u00f6rer kan vara baserade i l\u00e4nder utanf\u00f6r EU\/EES. Om Europakommissionen inte anser att landet s\u00e4kerst\u00e4ller en adekvat skyddsniv\u00e5 kommer \u00f6verf\u00f6ringen till den tredje parten att ha st\u00f6d i kommissionens standardavtalsklausuler f\u00f6r \u00f6verf\u00f6ring av personuppgifter till ett land utanf\u00f6r EU\/EES, se artiklarna 45\u201346 i f\u00f6rordning 2016\/679 (\u201dGDPR\u201d). Dessa standardavtalsklausuler finns \u00e5tkomliga h\u00e4r: http:\/\/ec.europa.eu\/justice\/data-protection\/international-transfers\/transfer\/. Behandlingen av Personuppgifterna p\u00e5g\u00e5r s\u00e5 l\u00e4nge det kr\u00e4vs f\u00f6r att uppfylla \u00c4ndam\u00e5len eller s\u00e5 l\u00e4nge som Outby \u00e4r f\u00f6rpliktade att g\u00f6ra detta. D\u00e4refter raderas Personuppgifterna.<\/p><p><span style=\"color: #558e6c; font-family: Poppins, sans-serif;\"><span style=\"font-size: 17px;\">Om du har n\u00e5gra fr\u00e5gor kring behandlingen av Personuppgifterna kan du kontakta Outby via kontakt@outby.se. Du kan \u00e4ven anv\u00e4nda denna adress om du vill ut\u00f6va n\u00e5gon av de r\u00e4ttigheter du enligt GDPR har som registrerad. V\u00e4nligen notera att r\u00e4ttigheterna enligt GDPR inte \u00e4r absoluta och att ett \u00e5beropande av en r\u00e4ttighet d\u00e4rf\u00f6r inte n\u00f6dv\u00e4ndigtvis leder till en \u00e5tg\u00e4rd. Dina r\u00e4ttigheter enligt GDPR inkluderar f\u00f6ljande:<\/span><\/span><\/p>\t\t\t\t\t\t\t\t<\/div>\n\t\t\t\t<\/div>\n\t\t\t\t<\/div>\n\t\t\t\t\t<\/div>\n\t\t\t\t<\/div>\n\t\t\t\t<\/div>\n\t\t","protected":false},"excerpt":{"rendered":"<p>Integritetspolicy Outby AB (\u201cOutby\u201d), org. nr. 559253-4563, behandlar personuppgifter i samband med att du anv\u00e4nder Outbys g\u00e4stportal (G\u00e4stportalen) i form av app, webbsida eller annan form och \u00e4r personuppgiftsansvarig f\u00f6r behandlingen. N\u00e4r du anv\u00e4nder G\u00e4stportalen s\u00e5 inneb\u00e4r det att du godk\u00e4nner den h\u00e4r integritetspolicyn. Som personuppgiftsansvarig \u00e4r det Outbys ansvar att all behandling av personuppgifter [&hellip;]<\/p>\n","protected":false},"author":2,"featured_media":0,"parent":0,"menu_order":0,"comment_status":"closed","ping_status":"closed","template":"","meta":{"_uag_custom_page_level_css":"","footnotes":""},"class_list":["post-878","page","type-page","status-publish","hentry"],"uagb_featured_image_src":{"full":false,"thumbnail":false,"medium":false,"medium_large":false,"large":false,"1536x1536":false,"2048x2048":false},"uagb_author_info":{"display_name":"Constanza Lacorazza","author_link":"https:\/\/outby.se\/newsite\/author\/constanza\/"},"uagb_comment_info":0,"uagb_excerpt":"Integritetspolicy Outby AB (\u201cOutby\u201d), org. nr. 559253-4563, behandlar personuppgifter i samband med att du anv\u00e4nder Outbys g\u00e4stportal (G\u00e4stportalen) i form av app, webbsida eller annan form och \u00e4r personuppgiftsansvarig f\u00f6r behandlingen. N\u00e4r du anv\u00e4nder G\u00e4stportalen s\u00e5 inneb\u00e4r det att du godk\u00e4nner den h\u00e4r integritetspolicyn. Som personuppgiftsansvarig \u00e4r det Outbys ansvar att all behandling av personuppgifter&hellip;","_links":{"self":[{"href":"https:\/\/outby.se\/newsite\/wp-json\/wp\/v2\/pages\/878","targetHints":{"allow":["GET"]}}],"collection":[{"href":"https:\/\/outby.se\/newsite\/wp-json\/wp\/v2\/pages"}],"about":[{"href":"https:\/\/outby.se\/newsite\/wp-json\/wp\/v2\/types\/page"}],"author":[{"embeddable":true,"href":"https:\/\/outby.se\/newsite\/wp-json\/wp\/v2\/users\/2"}],"replies":[{"embeddable":true,"href":"https:\/\/outby.se\/newsite\/wp-json\/wp\/v2\/comments?post=878"}],"version-history":[{"count":41,"href":"https:\/\/outby.se\/newsite\/wp-json\/wp\/v2\/pages\/878\/revisions"}],"predecessor-version":[{"id":3348,"href":"https:\/\/outby.se\/newsite\/wp-json\/wp\/v2\/pages\/878\/revisions\/3348"}],"wp:attachment":[{"href":"https:\/\/outby.se\/newsite\/wp-json\/wp\/v2\/media?parent=878"}],"curies":[{"name":"wp","href":"https:\/\/api.w.org\/{rel}","templated":true}]}}